{"id":393,"date":"2021-05-06T21:17:35","date_gmt":"2021-05-06T19:17:35","guid":{"rendered":"https:\/\/finansomania.edu.pl\/I-edycja\/?page_id=393"},"modified":"2021-12-31T16:33:40","modified_gmt":"2021-12-31T15:33:40","slug":"reprezentanci-partnerow-instytucjonalnych","status":"publish","type":"page","link":"https:\/\/finansomania.edu.pl\/I-edycja\/reprezentanci-partnerow-instytucjonalnych\/","title":{"rendered":"Reprezentanci partner\u00f3w instytucjonalnych"},"content":{"rendered":"\t\t<div data-elementor-type=\"wp-page\" data-elementor-id=\"393\" class=\"elementor elementor-393\" data-elementor-settings=\"[]\">\n\t\t\t\t\t\t<div class=\"elementor-inner\">\n\t\t\t\t\t\t\t<div class=\"elementor-section-wrap\">\n\t\t\t\t\t\t\t<section class=\"elementor-section elementor-top-section elementor-element elementor-element-66f3319 elementor-section-boxed elementor-section-height-default elementor-section-height-default\" data-id=\"66f3319\" data-element_type=\"section\">\n\t\t\t\t\t\t<div class=\"elementor-container elementor-column-gap-default\">\n\t\t\t\t\t\t\t<div class=\"elementor-row\">\n\t\t\t\t\t<div class=\"elementor-column elementor-col-100 elementor-top-column elementor-element elementor-element-877adde\" data-id=\"877adde\" data-element_type=\"column\">\n\t\t\t<div class=\"elementor-column-wrap elementor-element-populated\">\n\t\t\t\t\t\t\t<div class=\"elementor-widget-wrap\">\n\t\t\t\t\t\t<div class=\"elementor-element elementor-element-e9a9001 elementor-widget elementor-widget-heading\" data-id=\"e9a9001\" data-element_type=\"widget\" data-widget_type=\"heading.default\">\n\t\t\t\t<div class=\"elementor-widget-container\">\n\t\t\t<h2 class=\"elementor-heading-title elementor-size-default\">Reprezentanci parter\u00f3w instytucjonalnych<\/h2>\t\t<\/div>\n\t\t\t\t<\/div>\n\t\t\t\t<div class=\"elementor-element elementor-element-e9bda10 elementor-widget elementor-widget-text-editor\" data-id=\"e9bda10\" data-element_type=\"widget\" data-widget_type=\"text-editor.default\">\n\t\t\t\t<div class=\"elementor-widget-container\">\n\t\t\t\t\t\t\t\t<div class=\"elementor-text-editor elementor-clearfix\">\n\t\t\t\t<ul><li><p>Narodowy Bank Polski \u2013 dr Hanna \u017bywiecka<\/p><\/li><li><p>Rzecznik Finansowy \u2013\u00a0<span style=\"color: var( --e-global-color-text ); font-family: var( --e-global-typography-text-font-family ), Sans-serif; font-weight: var( --e-global-typography-text-font-weight );\">prof. Mariola Lemonnier<\/span><\/p><\/li><li><p>Ministerstwo Finans\u00f3w \u2013 Monika Wojciechowska<\/p><\/li><li><p>Zwi\u0105zek Bank\u00f3w Polskich, Warszawski Instytut Bankowo\u015bci \u2013 Prezes Zarz\u0105du WIB Waldemar Zbytek<\/p><\/li><li><p>Bankowy Fundusz Gwarancyjny \u2013 przedstawiciel BFG<\/p><\/li><li><p>Fundacja Rozwoju Rynku Finansowego \u2013\u00a0<span style=\"color: var( --e-global-color-text ); font-family: var( --e-global-typography-text-font-family ), Sans-serif; font-weight: var( --e-global-typography-text-font-weight );\">Prezes Fundacji Agnieszka Wachnicka<\/span><\/p><\/li><li><p>Izba Zarz\u0105dzaj\u0105cych Funduszami i Aktywami \u2013 Prezes Zarz\u0105du Ma\u0142gorzata Rusewicz<\/p><\/li><li><p>Fundacja GPW &#8211; Wiceprezes Zarz\u0105du Alina B\u0105czar-Bednorz<\/p><\/li><li><p>Krajowy Depozyt Papier\u00f3w Warto\u015bciowych \u2013<\/p><\/li><li><p>Stowarzyszenie Ksi\u0119gowych w Polsce \u2013 Prezes Zarz\u0105du Stowarzyszenia Ksi\u0119gowych w Polsce prof. dr hab. Wiktor Gabrusewicz, Oddzia\u0142 Wielkopolski w Poznaniu<\/p><\/li><li><p>Europejska Federacja Doradc\u00f3w Finansowych EFFP Polska \u2013 Prezes Franciszek Robert Zi\u0119ba<\/p><\/li><li><p>Krajowa Izba Doradc\u00f3w Podatkowych \u2013 Cz\u0142onek Zarz\u0105du Wielkopolskiego Oddzia\u0142u KIDP Katarzyna Winiecka<\/p><\/li><\/ul>\t\t\t\t\t<\/div>\n\t\t\t\t\t\t<\/div>\n\t\t\t\t<\/div>\n\t\t\t\t\t\t<\/div>\n\t\t\t\t\t<\/div>\n\t\t<\/div>\n\t\t\t\t\t\t\t\t<\/div>\n\t\t\t\t\t<\/div>\n\t\t<\/section>\n\t\t\t\t\t\t<\/div>\n\t\t\t\t\t\t<\/div>\n\t\t\t\t\t<\/div>\n\t\t","protected":false},"excerpt":{"rendered":"<p>Reprezentanci parter\u00f3w instytucjonalnych Narodowy Bank Polski \u2013 dr Hanna \u017bywiecka Rzecznik Finansowy \u2013\u00a0prof. Mariola Lemonnier Ministerstwo Finans\u00f3w \u2013 Monika Wojciechowska Zwi\u0105zek Bank\u00f3w Polskich, Warszawski Instytut Bankowo\u015bci \u2013 Prezes Zarz\u0105du WIB Waldemar Zbytek Bankowy Fundusz Gwarancyjny \u2013 przedstawiciel BFG Fundacja Rozwoju Rynku Finansowego \u2013\u00a0Prezes Fundacji Agnieszka Wachnicka Izba Zarz\u0105dzaj\u0105cych Funduszami i Aktywami \u2013 Prezes Zarz\u0105du Ma\u0142gorzata &#8230; <a title=\"Reprezentanci partner\u00f3w instytucjonalnych\" class=\"read-more\" href=\"https:\/\/finansomania.edu.pl\/I-edycja\/reprezentanci-partnerow-instytucjonalnych\/\">Czytaj dalej <span class=\"screen-reader-text\">Reprezentanci partner\u00f3w instytucjonalnych<\/span><\/a><\/p>\n","protected":false},"author":1,"featured_media":0,"parent":0,"menu_order":0,"comment_status":"closed","ping_status":"closed","template":"","meta":[],"_links":{"self":[{"href":"https:\/\/finansomania.edu.pl\/I-edycja\/wp-json\/wp\/v2\/pages\/393"}],"collection":[{"href":"https:\/\/finansomania.edu.pl\/I-edycja\/wp-json\/wp\/v2\/pages"}],"about":[{"href":"https:\/\/finansomania.edu.pl\/I-edycja\/wp-json\/wp\/v2\/types\/page"}],"author":[{"embeddable":true,"href":"https:\/\/finansomania.edu.pl\/I-edycja\/wp-json\/wp\/v2\/users\/1"}],"replies":[{"embeddable":true,"href":"https:\/\/finansomania.edu.pl\/I-edycja\/wp-json\/wp\/v2\/comments?post=393"}],"version-history":[{"count":14,"href":"https:\/\/finansomania.edu.pl\/I-edycja\/wp-json\/wp\/v2\/pages\/393\/revisions"}],"predecessor-version":[{"id":798,"href":"https:\/\/finansomania.edu.pl\/I-edycja\/wp-json\/wp\/v2\/pages\/393\/revisions\/798"}],"wp:attachment":[{"href":"https:\/\/finansomania.edu.pl\/I-edycja\/wp-json\/wp\/v2\/media?parent=393"}],"curies":[{"name":"wp","href":"https:\/\/api.w.org\/{rel}","templated":true}]}}