{"id":651,"date":"2021-09-30T15:00:37","date_gmt":"2021-09-30T13:00:37","guid":{"rendered":"https:\/\/finansomania.edu.pl\/III-edycja\/?page_id=651"},"modified":"2024-09-03T09:48:15","modified_gmt":"2024-09-03T07:48:15","slug":"korzysci-rekrutacyjne","status":"publish","type":"page","link":"https:\/\/finansomania.edu.pl\/III-edycja\/korzysci-rekrutacyjne\/","title":{"rendered":"Korzy\u015bci rekrutacyjne"},"content":{"rendered":"\t\t<div data-elementor-type=\"wp-page\" data-elementor-id=\"651\" class=\"elementor elementor-651\" data-elementor-settings=\"[]\">\n\t\t\t\t\t\t<div class=\"elementor-inner\">\n\t\t\t\t\t\t\t<div class=\"elementor-section-wrap\">\n\t\t\t\t\t\t\t<section class=\"elementor-section elementor-top-section elementor-element elementor-element-b78aa35 elementor-section-boxed elementor-section-height-default elementor-section-height-default\" data-id=\"b78aa35\" data-element_type=\"section\">\n\t\t\t\t\t\t<div class=\"elementor-container elementor-column-gap-default\">\n\t\t\t\t\t\t\t<div class=\"elementor-row\">\n\t\t\t\t\t<div class=\"elementor-column elementor-col-100 elementor-top-column elementor-element elementor-element-e69a061\" data-id=\"e69a061\" data-element_type=\"column\">\n\t\t\t<div class=\"elementor-column-wrap elementor-element-populated\">\n\t\t\t\t\t\t\t<div class=\"elementor-widget-wrap\">\n\t\t\t\t\t\t<div class=\"elementor-element elementor-element-2e47c6f elementor-widget elementor-widget-heading\" data-id=\"2e47c6f\" data-element_type=\"widget\" data-widget_type=\"heading.default\">\n\t\t\t\t<div class=\"elementor-widget-container\">\n\t\t\t<h2 class=\"elementor-heading-title elementor-size-default\">Korzy\u015bci rekrutacyjne w procedurach poszczeg\u00f3lnych uczelni <\/h2>\t\t<\/div>\n\t\t\t\t<\/div>\n\t\t\t\t\t\t<\/div>\n\t\t\t\t\t<\/div>\n\t\t<\/div>\n\t\t\t\t\t\t\t\t<\/div>\n\t\t\t\t\t<\/div>\n\t\t<\/section>\n\t\t\t\t<section class=\"elementor-section elementor-top-section elementor-element elementor-element-5c32132 elementor-section-boxed elementor-section-height-default elementor-section-height-default\" data-id=\"5c32132\" data-element_type=\"section\">\n\t\t\t\t\t\t<div class=\"elementor-container elementor-column-gap-default\">\n\t\t\t\t\t\t\t<div class=\"elementor-row\">\n\t\t\t\t\t<div class=\"elementor-column elementor-col-100 elementor-top-column elementor-element elementor-element-399a2c9\" data-id=\"399a2c9\" data-element_type=\"column\">\n\t\t\t<div class=\"elementor-column-wrap elementor-element-populated\">\n\t\t\t\t\t\t\t<div class=\"elementor-widget-wrap\">\n\t\t\t\t\t\t<div class=\"elementor-element elementor-element-7654a62 elementor-widget elementor-widget-text-editor\" data-id=\"7654a62\" data-element_type=\"widget\" data-widget_type=\"text-editor.default\">\n\t\t\t\t<div class=\"elementor-widget-container\">\n\t\t\t\t\t\t\t\t<div class=\"elementor-text-editor elementor-clearfix\">\n\t\t\t\t<p>Uchwa\u0142y rekrutacyjne poszczeg\u00f3lnych uczelni zamieszczane s\u0105 na bie\u017c\u0105co do wiadomo\u015bci uczestnik\u00f3w zgodnie z ich indywidualnymi procedurami i terminami:<\/p><p>Uniwersytet Ekonomiczny w Poznaniu <a href=\"https:\/\/finansomania.edu.pl\/wp-content\/uploads\/2023\/03\/Uchwala-nr-100-z-25-czerwca-2021-roku.pdf\" target=\"_blank\" rel=\"noopener\">LINK<\/a> (od 2023\/2024)<\/p><p>Uniwersytet Rzeszowski <a href=\"https:\/\/finansomania.edu.pl\/wp-content\/uploads\/2023\/04\/Uchwala-177-06-2022_-Zasady-przyjmowania-na-I-rok-studiow-laureatow-oraz-finalistow-olimpiad-st.centr_.pdf\" target=\"_blank\" rel=\"noopener\">LINK<\/a>\u00a0 \u00a0<a href=\"https:\/\/finansomania.edu.pl\/wp-content\/uploads\/2023\/04\/Zal.-do-uchwaly-177-06-2022_Wykaz-olimpiad.pdf\">LINK<\/a> (od 2023\/2024)<\/p><p>Uniwersytet Opolski <a href=\"https:\/\/finansomania.edu.pl\/wp-content\/uploads\/2023\/04\/US_UO-207-2020-2024-zm.-uchwaly-nr-133-2016-2020-laureaci.pdf\" target=\"_blank\" rel=\"noopener\">LINK<\/a>\u00a0 \u00a0<a href=\"https:\/\/finansomania.edu.pl\/wp-content\/uploads\/2023\/04\/zal1_US_UO-207-2020-2024.pdf\" target=\"_blank\" rel=\"noopener\">LINK<\/a> (od 2023\/2024)<\/p><p>Uniwersytet Gda\u0144ski <a href=\"https:\/\/bip.ug.edu.pl\/akty_normatywne\/108178\/uchwala_nr_7621_senatu_uniwersytetu_gdanskiego_z_dnia_16_grudnia_2021_roku_w_sprawie_szczegolowych_zasad_przyjmowania_na_studia_w_latach20222023\" target=\"_blank\" rel=\"noopener\">LINK<\/a> (od 2023\/2024)<\/p><p>Uniwersytet w Bia\u0142ymstoku <a href=\"https:\/\/finansomania.edu.pl\/wp-content\/uploads\/2023\/04\/Uchwala-2941.pdf\" target=\"_blank\" rel=\"noopener\">LINK<\/a>\u00a0 \u00a0<a href=\"https:\/\/finansomania.edu.pl\/wp-content\/uploads\/2023\/04\/Uchwala-2480.pdf\" target=\"_blank\" rel=\"noopener\">LINK<\/a> (od 2023\/2024)<\/p><p>Uniwersytet Ekonomiczny w Katowicach <a href=\"https:\/\/finansomania.edu.pl\/wp-content\/uploads\/2023\/04\/Uchwala_28_2018_2019.pdf\" target=\"_blank\" rel=\"noopener\">LINK<\/a> (od 2023\/2024)<\/p><p>Uniwersytet Marii Curie Sk\u0142odowskiej w Lublinie <a href=\"https:\/\/www.umcs.pl\/pl\/uchwaly-zarzadzenia-pisma-okolne,2499,uchwala-nr-xxv-18-3-22-senatu-uniwersytetu-marii-curie-sklodowskiej-w-lublinie-z-dnia-29-czerwca-2022-r-w-sprawie-uprawnien-przyslugujacych-laureatom-i-finalistom-olimpiad-stopnia-centralnego-oraz-laureatom-konkursow-miedzynarodowych-i-ogolnopolskich-przy-ubieganiu-sie-o-przyjecie-na-i-rok-studiow-pierwszego-stopnia-i-jednolitych-magisterskich-na-uniwersytecie-marii-curie-sklodowskiej-w-lublinie,119174.chtm\" target=\"_blank\" rel=\"noopener\">LINK<\/a> (od 2023\/2024)<\/p><p>Szko\u0142a G\u0142\u00f3wna Handlowa w Warszawie <a href=\"https:\/\/bap.sgh.waw.pl\/423-lista\/d\/6152\/5\/\">LINK<\/a> (od 2026\/2027)<\/p><p>Uniwersytet Szczeci\u0144ski <a href=\"https:\/\/bip.usz.edu.pl\/uchwala\/18863\/uchwala-nr-86-2023\" target=\"_blank\" rel=\"noopener\">LINK<\/a> (od 2024\/2025)<\/p><p>Uniwersytet Ekonomiczny w Krakowie <a href=\"https:\/\/finansomania.edu.pl\/wp-content\/uploads\/2023\/10\/US_27_2018-1.pdf\" target=\"_blank\" rel=\"noopener\">LINK<\/a>\u00a0 \u00a0<a href=\"https:\/\/finansomania.edu.pl\/wp-content\/uploads\/2023\/10\/T.0022.83.2021-1.pdf\" target=\"_blank\" rel=\"noopener\">LINK<\/a> (od 2022\/2023)<\/p>\t\t\t\t\t<\/div>\n\t\t\t\t\t\t<\/div>\n\t\t\t\t<\/div>\n\t\t\t\t<div class=\"elementor-element elementor-element-9adb24c elementor-widget elementor-widget-text-editor\" data-id=\"9adb24c\" data-element_type=\"widget\" data-widget_type=\"text-editor.default\">\n\t\t\t\t<div class=\"elementor-widget-container\">\n\t\t\t\t\t\t\t\t<div class=\"elementor-text-editor elementor-clearfix\">\n\t\t\t\t<p><strong>Olimpiada zosta\u0142a wpisana do\u00a0<a href=\"https:\/\/www.gov.pl\/web\/edukacja\/olimpiady-i-turnieje-zawodowe-tematyczne\" target=\"_blank\" rel=\"noopener\">wykazu MEN turniej\u00f3w i olimpiad tematycznych<\/a>\u00a0zwi\u0105zanych z wybran\u0105 dziedzin\u0105 wiedzy uprawniaj\u0105cych do zwolnienia z przyst\u0105pienia do cz\u0119\u015bci pisemnej egzaminu zawodowego w roku szkolnym 2024\/2025 i 2025\/2026.<\/strong><\/p>\t\t\t\t\t<\/div>\n\t\t\t\t\t\t<\/div>\n\t\t\t\t<\/div>\n\t\t\t\t\t\t<\/div>\n\t\t\t\t\t<\/div>\n\t\t<\/div>\n\t\t\t\t\t\t\t\t<\/div>\n\t\t\t\t\t<\/div>\n\t\t<\/section>\n\t\t\t\t\t\t<\/div>\n\t\t\t\t\t\t<\/div>\n\t\t\t\t\t<\/div>\n\t\t","protected":false},"excerpt":{"rendered":"<p>Korzy\u015bci rekrutacyjne w procedurach poszczeg\u00f3lnych uczelni Uchwa\u0142y rekrutacyjne poszczeg\u00f3lnych uczelni zamieszczane s\u0105 na bie\u017c\u0105co do wiadomo\u015bci uczestnik\u00f3w zgodnie z ich indywidualnymi procedurami i terminami: Uniwersytet Ekonomiczny w Poznaniu LINK (od 2023\/2024) Uniwersytet Rzeszowski LINK\u00a0 \u00a0LINK (od 2023\/2024) Uniwersytet Opolski LINK\u00a0 \u00a0LINK (od 2023\/2024) Uniwersytet Gda\u0144ski LINK (od 2023\/2024) Uniwersytet w Bia\u0142ymstoku LINK\u00a0 \u00a0LINK (od 2023\/2024) &#8230; <a title=\"Korzy\u015bci rekrutacyjne\" class=\"read-more\" href=\"https:\/\/finansomania.edu.pl\/III-edycja\/korzysci-rekrutacyjne\/\" aria-label=\"More on Korzy\u015bci rekrutacyjne\">Czytaj dalej<\/a><\/p>\n","protected":false},"author":1,"featured_media":0,"parent":0,"menu_order":0,"comment_status":"closed","ping_status":"closed","template":"","meta":{"footnotes":""},"_links":{"self":[{"href":"https:\/\/finansomania.edu.pl\/III-edycja\/wp-json\/wp\/v2\/pages\/651"}],"collection":[{"href":"https:\/\/finansomania.edu.pl\/III-edycja\/wp-json\/wp\/v2\/pages"}],"about":[{"href":"https:\/\/finansomania.edu.pl\/III-edycja\/wp-json\/wp\/v2\/types\/page"}],"author":[{"embeddable":true,"href":"https:\/\/finansomania.edu.pl\/III-edycja\/wp-json\/wp\/v2\/users\/1"}],"replies":[{"embeddable":true,"href":"https:\/\/finansomania.edu.pl\/III-edycja\/wp-json\/wp\/v2\/comments?post=651"}],"version-history":[{"count":64,"href":"https:\/\/finansomania.edu.pl\/III-edycja\/wp-json\/wp\/v2\/pages\/651\/revisions"}],"predecessor-version":[{"id":1767,"href":"https:\/\/finansomania.edu.pl\/III-edycja\/wp-json\/wp\/v2\/pages\/651\/revisions\/1767"}],"wp:attachment":[{"href":"https:\/\/finansomania.edu.pl\/III-edycja\/wp-json\/wp\/v2\/media?parent=651"}],"curies":[{"name":"wp","href":"https:\/\/api.w.org\/{rel}","templated":true}]}}